 -a + -5?
-13
In base 7, what is -415 - -1?
-414
In base 8, what is 60 - -145?
225
In base 16, what is -187 + 12?
-175
In base 2, what is 1010 - 110001?
-100111
In base 10, what is -3 - -1?
-2
In base 3, what is -102012 + 10?
-102002
In base 4, what is -302 - -2?
-300
In base 5, what is -242 + -11?
-303
In base 5, what is 1340 - 4?
1331
In base 12, what is 16a - 5?
165
In base 5, what is -1 + -10234?
-10240
In base 15, what is -87 + -3?
-8a
In base 9, what is -4 + 10?
5
In base 2, what is 0 + 10011001?
10011001
In base 10, what is 675 + -12?
663
In base 6, what is -5 + -510?
-515
In base 9, what is 188 - 0?
188
In base 9, what is 23 + -18?
4
In base 7, what is -12 + 64?
52
In base 11, what is 2 + -3637?
-3635
In base 2, what is 10000010001 + 100?
10000010101
In base 6, what is -4201 - -4?
-4153
In base 13, what is -16 + -63?
-79
In base 3, what is 11 + -1121?
-1110
In base 5, what is -12 - 101?
-113
In base 13, what is 1787 + -1?
1786
In base 16, what is 2 + 916?
918
In base 14, what is -3 - 1406?
-1409
In base 8, what is -2 + 41?
37
In base 14, what is 196 - c?
188
In base 5, what is 24 + 2?
31
In base 10, what is -1196 - 0?
-1196
In base 2, what is -10000001110 + 10?
-10000001100
In base 6, what is 5 + 210?
215
In base 15, what is 12 - -12a?
13c
In base 8, what is -7651 + 1?
-7650
In base 15, what is 6 + -30?
-29
In base 11, what is 7 + -29?
-22
In base 4, what is 102 - -12?
120
In base 13, what is 5a6 - -1?
5a7
In base 2, what is 1101100101111 + 100?
1101100110011
In base 2, what is -100 + 101?
1
In base 7, what is 0 + 122?
122
In base 5, what is -11300 + 10?
-11240
In base 2, what is 1111 - -1100?
11011
In base 5, what is -4 - -120204?
120200
In base 2, what is 1 - 1101111010101?
-1101111010100
In base 7, what is 3 - 25?
-22
In base 6, what is 5 - -323?
332
In base 7, what is -2 + -53?
-55
In base 2, what is 11 - 1?
10
In base 11, what is 1 - -2421?
2422
In base 13, what is 1 - 6b?
-6a
In base 13, what is c1 - 3?
bb
In base 4, what is 120 + 1000?
1120
In base 9, what is -3 - -43?
40
In base 3, what is -101020 + -1?
-101021
In base 5, what is -23 + -101?
-124
In base 3, what is 10 - 22?
-12
In base 16, what is -2 + -7?
-9
In base 13, what is 19 + -6?
13
In base 6, what is -2230 + -2?
-2232
In base 16, what is -5 + -150?
-155
In base 2, what is -10 + 11100011110?
11100011100
In base 8, what is 2 + -2463?
-2461
In base 13, what is -1 - -726?
725
In base 13, what is 4 - -8a5?
8a9
In base 16, what is 4 + -2c?
-28
In base 11, what is -69 + -6?
-74
In base 10, what is 8 + -2?
6
In base 11, what is -58 + -94?
-141
In base 9, what is -151 - -18?
-132
In base 12, what is -a1 - -47?
-56
In base 7, what is 0 + -204?
-204
In base 16, what is -a3 - 2?
-a5
In base 2, what is 1011001001 - 11?
1011000110
In base 12, what is 766 - 4?
762
In base 11, what is -2 - 13a6?
-13a8
In base 11, what is 0 - 54?
-54
In base 13, what is 5 - -c9?
101
In base 3, what is 1012011 - 22?
1011212
In base 12, what is -415 + -4?
-419
In base 11, what is -15 + 10?
-5
In base 14, what is -3 + 18?
15
In base 15, what is 1 - c5?
-c4
In base 13, what is 190 - 0?
190
In base 11, what is 5 + -a6?
-a1
In base 12, what is -6 + -128?
-132
In base 12, what is -1a + -a?
-28
In base 5, what is -23414 + 1?
-23413
In base 5, what is 2 - 313?
-311
In base 5, what is 343 - 1?
342
In base 16, what is -3 - -49?
46
In base 13, what is -2865 - 0?
-2865
In base 4, what is 11 - 31?
-20
In base 5, what is 220 + 2?
222
In base 6, what is 3 - -311?
314
In base 12, what is -52b + 2?
-529
In base 12, what is -17 + -6?
-21
In base 4, what is 100 + 2122?
2222
In base 8, what is -1 - 16?
-17
In base 12, what is 6376 + 0?
6376
In base 12, what is -30 + 9?
-23
In base 4, what is -1102 + -2?
-1110
In base 6, what is -322 - -4?
-314
In base 4, what is 33 + 31?
130
In base 3, what is 10 - -1221?
2001
In base 4, what is 31 - 33?
-2
In base 2, what is 11 + -1010?
-111
In base 11, what is -212 - -a?
-203
In base 3, what is 22 - -220202?
221001
In base 10, what is 0 - 263?
-263
In base 6, what is 4045 + -2?
4043
In base 14, what is 2c + -5?
27
In base 8, what is 65 + -4?
61
In base 8, what is -4 - -14?
10
In base 8, what is -367 + -2?
-371
In base 11, what is -9a - -22?
-78
In base 11, what is 218 - -17?
234
In base 3, what is 2 + -1121011?
-1121002
In base 13, what is -4 - -95?
91
In base 6, what is 15101 + -2?
15055
In base 11, what is 4 + 135?
139
In base 15, what is -4 + 42?
3d
In base 9, what is -13 + 48?
35
In base 3, what is 0 + 22211?
22211
In base 4, what is -100 - -222?
122
In base 5, what is 3331 - -4?
3340
In base 4, what is -23 + -120?
-203
In base 13, what is 1668 + 3?
166b
In base 8, what is 210 + -5?
203
In base 9, what is 2054 - -2?
2056
In base 15, what is -e - 4?
-13
In base 5, what is 10 - -11?
21
In base 7, what is -1163 - 3?
-1166
In base 9, what is 6 - 63?
-56
In base 3, what is 1002 - 111?
121
In base 9, what is 0 - 658?
-658
In base 5, what is 2404421 - -2?
2404423
In base 6, what is -5 - 35?
-44
In base 13, what is -324b + -3?
-3251
In base 13, what is a48 + 5?
a50
In base 13, what is -51c4 + 5?
-51bc
In base 9, what is -5 + -28?
-34
In base 4, what is 31022 + 1?
31023
In base 7, what is -2 - -250?
245
In base 15, what is 11 - 6?
a
In base 16, what is b - -10?
1b
In base 3, what is 121 + 10011122?
10012020
In base 14, what is 3 - 41?
-3c
In base 9, what is 6 + 173?
180
In base 9, what is -1 + -1120?
-1121
In base 13, what is 3 + 40?
43
In base 6, what is 34 + -123?
-45
In base 9, what is 124 - -132?
256
In base 16, what is -143 + 4?
-13f
In base 15, what is 14 - -6?
1a
In base 3, what is 10201200 - -11?
10201211
In base 11, what is 140 + -1?
13a
In base 11, what is 8 - -4a?
57
In base 4, what is -1 - 203120?
-203121
In base 9, what is 28 - -602?
631
In base 9, what is 373 - -4?
377
In base 5, what is 2 - 4423?
-4421
In base 3, what is -12220 + 221?
-11222
In base 5, what is -3141 + 0?
-3141
In base 16, what is -5 + -19?
-1e
In base 8, what is -1122 - -1?
-1121
In base 9, what is -2 + -1017?
-1020
In base 15, what is -2 - 89?
-8b
In base 6, what is 11045 - -1?
11050
In base 8, what is -376 + -2?
-400
In base 12, what is -27 + 58?
31
In base 2, what is -1 - -101011?
101010
In base 9, what is -5 - 103?
-108
In base 11, what is -1055 - 4?
-1059
In base 5, what is -4 + 30001?
24442
In base 5, what is -21 - -330?
304
In base 16, what is -17b + -6?
-181
In base 5, what is 4 - -203?
212
In base 10, what is -704 + -3?
-707
In base 14, what is -3c - 4?
-42
In base 5, what is 44 - -1?
100
In base 10, what is -16 - 3?
-19
In base 12, what is -1 + 1376?
1375
In base 3, what is 1021220 + -1?
1021212
In base 12, what is 9 + 17?
24
In base 5, what is -102040 - 2?
-102042
In base 13, what is c4 + -b?
b6
In base 15, what is -b2 - 1?
-b3
In base 8, what is -15 - 162?
-177
In base 13, what is -84 + 1?
-83
In base 12, what is 4b + -2b?
20
In base 11, what is -4140 + 1?
-413a
In base 6, what is -410 - 10?
-420
In base 10, what is -53 - 4?
-57
In base 15, what is -5 - -1e?
19
In base 14, what is -2d - 3?
-32
In base 5, what is -103414 - 0?
-103414
In base 13, what is -158 + -6?
-161
In base 7, what is 6 - -64?
103
In base 14, what is -85 + -59?
-100
In base 6, what is 3 - -22?
25
In base 5, what is 10 - 4203?
-4143
In base 13, what is -aab - -2?
-aa9
In base 4, what is 0 + -1310?
-1310
In base 6, what is 2302 - 2?
2300
In base 15, what is 47 + -1?
46
In base 10, what is -6 + 17?
11
In base 2, what is -100011000 + 100?
-100010100
In base 5, what is -2030 - -1?
-2024
In base 9, what is 4 + -4714?
-4710
In base 16, what is 26 + 0?
26
In base 14, what is -2 + 89?
87
In base 8, what is 20 + 25?
45
In base 12, what is -3863 - 0?
-3863
In base 3, what is 1001 - 1021?
-20
In base 14, what is -2 - -100?
dc
In base 14, what is 3d - 0?
3d
In base 14, what is 9 - -22b?
236
In base 3, what is -11 - 221221?
-222002
In base 8, what is -1 + -335?
-336
In base 3, what is 10202 + 0?
10202
In base 2, what is 0 - 1101?
-1101
In base 13, what is 4 - -50?
54
In base 2, what is -10100010010 + -101?
-10100010111
In base 10, what is -4 - -5023?
5019
In base 5, what is -3 + 3010?
3002
In base 12, what is 809 + 6?
813
In base 7, what is 1 - 2130?
-2126
In base 16, what is 213 + -4?
20f
In base 14, what is -1 - 12?
-13
In base 5, what i